 of h?
2, 31
Let a be 2/4 + (-91)/(-14). Suppose -3*r + 2*h = a*h - 141, -r = -2*h - 58. What are the prime factors of r?
2, 13
Let a(m) = -26*m + 1. Let z(l) = 52*l - 2. Let r(v) = -5*a(v) - 3*z(v). Let q be r(-1). List the prime factors of (q/12)/(2/8).
3
Suppose 3*h = 157 - 25. Let y = h + -14. List the prime factors of y.
2, 3, 5
Let p(t) be the second derivative of t**5/20 - t**4/12 - t. Let d(g) = -g**3 + 2*g**2 - 2*g. Let k(s) = d(s) + 4*p(s). List the prime factors of k(2).
2, 3
Let a(v) be the second derivative of -v**4/12 + 5*v**3/2 - 6*v**2 - 7*v. List the prime factors of a(12).
2, 3
Suppose f + 13 = -3. Let m = f - -27. What are the prime factors of m?
11
Suppose 2*b + 4*v - 26 = 0, -9 + 30 = 3*b - 3*v. Let o(i) = 4*i - 13. What are the prime factors of o(b)?
23
Let h(i) = i**3 - 8*i**2 + 11. Let m be h(8). Suppose m - 49 = -o. List the prime factors of o.
2, 19
Suppose -7*i = -4*i - 75. Suppose 0 = 4*z - 75 - 73. Let g = z - i. List the prime factors of g.
2, 3
Suppose -22 = -2*m + 3*m + 5*s, 3*m + 2*s = -1. Let p be (-68)/12 + (-1)/m. List the prime factors of (p - -2)/2*-4.
2
Let t(c) = -c**2 + 9*c + 5. What are the prime factors of t(8)?
13
Let l = 2 - -10. What are the prime factors of 333/15 + l/15?
23
Let r(k) = -k**3 + k**2 - 3*k + 3. Let u(p) = p**2 - 7*p + 3. Let g be u(7). Let v be r(g). Let q = 44 + v. List the prime factors of q.
2, 5
What are the prime factors of (3/(-9) - 3)/((-2)/9)?
3, 5
Let c(s) = 13*s**3 + 2*s**2 - 1. Let n = 6 + -5. List the prime factors of c(n).
2, 7
Let c = -3 - -9. Let h(a) = 3*a - 5. List the prime factors of h(c).
13
Let b be (-12)/(-5) - (-6)/(-15). Suppose b*q = 7*q - 25, -2*l - 4*q = -100. Suppose -t = t - l. List the prime factors of t.
2, 5
Let l be (2*-1)/((-2)/(-6)). Let p = 9 + l. Suppose -15 = -p*v + 3. What are the prime factors of v?
2, 3
Let i = 8 + 0. Suppose a + 2 = 0, 2*a + 14 = 2*o - i. List the prime factors of o.
3
Let s(u) = -u**2 + 9*u + 2. Let d be s(8). Suppose -2*c = -4*o - 2, 6*o - o - d = 0. Let j = c - -13. List the prime factors of j.
2, 3
Suppose -2*h - 4*y + 14 = 0, -4*y - 17 + 46 = -3*h. Let r(i) be the first derivative of -i**4/4 - i**3 - 3*i**2/2 + 2*i + 1. List the prime factors of r(h).
11
Let h(p) = -2*p**3 - 3*p**2 - 6*p - 2. What are the prime factors of h(-3)?
43
Suppose 9 + 1 = -5*g. Let s be 0*g/(-1 + 5). What are the prime factors of s + 3 + 5 + -4?
2
Suppose -4*k - 5 = -5*h - 3, 0 = -3*k - 4*h + 14. Suppose 0*t - k*t = -32. List the prime factors of t.
2
Let g be -11*((0 - 3) + 2). Let z = -2 + g. What are the prime factors of z?
3
Let s be (-39)/15 - (-4)/(-10). Let i(y) = y**3 + y**2 - 3*y + 3. Let n be i(s). What are the prime factors of n/(-10) - 28/(-20)?
2
Let a = 1 + 1. Suppose 39 = a*k + 7. List the prime factors of k.
2
Suppose -3*x - 22 = -2*t - 2*x, -33 = -3*t + 4*x. Let r = -22 - -15. Let p = r + t. List the prime factors of p.
2
What are the prime factors of (32/12 + -6)*168/(-5)?
2, 7
Let s(o) = -o**2 - 2*o + 16. What are the prime factors of s(0)?
2
Suppose 4*i - 25 = -i. Let j be i/10*(-1 + 1). Suppose -4*p + j*p = 4, -5*w = 5*p - 5. What are the prime factors of w?
2
Let p be 4/2*(-9)/(-2). Let f = 13 - p. List the prime factors of f.
2
Suppose 4*t - 100 = r, 2*t - 5*r + r - 50 = 0. List the prime factors of t.
5
Let i = 14 - 6. Let k = i - 6. Suppose v - 1 = k. List the prime factors of v.
3
Let j = 42 + -1. What are the prime factors of j?
41
Suppose -g + 4*g = 72. Suppose -4*z + g + 24 = 0. List the prime factors of z.
2, 3
Suppose 5*y - 60 - 15 = 0. Let h = y - 2. List the prime factors of h.
13
Suppose -2*d + 5*b - 8 = 3*b, -b + 10 = -4*d. List the prime factors of ((-7)/d)/(2/12).
3, 7
Suppose -6 = w - 0*w. Let u = w + 2. Let f = u - -15. List the prime factors of f.
11
Let f be (-9)/(-6) - (-33)/(-6). List the prime factors of 3/(f/10 + 1).
5
Suppose -4*v = -c - 3*v + 7, -4*v = -5*c + 34. Let b be 0/(c/(-9)*-3). Let a(f) = f + 10. What are the prime factors of a(b)?
2, 5
List the prime factors of ((-76)/(-6))/(30/45).
19
Let j(v) = 5*v - 2. List the prime factors of j(1).
3
Let y be (-2)/6 - 4/6. Let p = 2 + y. Suppose -2*c + p = -5. List the prime factors of c.
3
Suppose 0 = y + 1 - 4. Let w(r) = 7*r**3 + 2*r**3 + r**y + 1 - r**2 - r. What are the prime factors of w(1)?
3
Let v(s) = 1. Let i(d) = 6*d**3 + 2*d + 4. Let t(a) = i(a) - 5*v(a). Let n be t(1). What are the prime factors of (-2)/n + (-74)/(-14)?
5
Let f(r) = r**3 + 4*r**2 - 18*r - 8. Let p be f(-7). Let z = p + 72. What are the prime factors of z?
43
Let u(f) = -2*f + 5. Let w(z) = z. Let y(o) = -u(o) - 3*w(o). Let n be y(-8). Suppose n*b = 5*t - 16, b - 4*t = -t - 12. What are the prime factors of b?
3
What are the prime factors of (-14637)/(-91) - (1 + 30/(-26))?
7, 23
Let o(p) be the first derivative of -p**3/3 + 9*p**2/2 - 5*p - 2. Let s be o(7). Suppose -m = -2*k + m + 18, 4*k + 5*m + s = 0. List the prime factors of k.
2
Let q = 94 - 40. Let v = -33 + q. List the prime factors of v.
3, 7
Let p(q) = -4*q**3 + 2*q + 4. What are the prime factors of p(-3)?
2, 53
Let i(m) = -m**3 + 8*m**2 - 6*m + 10. List the prime factors of i(7).
17
Suppose 0 = -2*f - 2*u + 164, -6*u - 274 = -3*f - 2*u. What are the prime factors of f?
2, 43
Let y be 4/(-6) + 6/9. Let v(i) = -i**3 + 14*i**2 - 12*i - 1. Let a be v(13). Let t = a + y. What are the prime factors of t?
2, 3
Let k be -2 + 6 + -3 + 1. Suppose -4*b + k*b = -22. What are the prime factors of b?
11
Let b(l) = l**2 - l + 4. Let w be b(0). Let v(p) = 7*p**3 + p**2 - p. Let t be v(1). Suppose -t - 1 = -w*j. What are the prime factors of j?
2
Let j = -48 + 239. What are the prime factors of j?
191
Let g = 2 + 2. List the prime factors of 37/2 + (-6)/g.
17
Let a = 20 + -9. What are the prime factors of a?
11
Let v = -18 + 30. Suppose v*j - 7*j = 50. What are the prime factors of j?
2, 5
Suppose -d - 2 = -3*i, -2 + 4 = 5*i - 2*d. Suppose -3*p - i + 8 = 0, -3*p + 25 = k. Suppose -2 = -3*y + k. What are the prime factors of y?
7
Let h(p) = -15*p - 12. Let t be h(-14). List the prime factors of t/15 - (-2)/(-10).
13
Let y(n) = n**3 - 6*n**2 + 7*n - 4. Let g be y(5). Suppose g*z = z. List the prime factors of z + (-22)/(-2) + -1.
2, 5
Let g = 1 + 0. Let n be (3 + 3)*g/3. Suppose -2*q + 4*o = 8, n*q = o - 2 + 3. What are the prime factors of q?
2
Let f be (-1 + 0)*(-5)/(-1). Let r = f - -4. What are the prime factors of 2 + -2 - -4 - r?
5
Suppose -5*l - 5*m + 5 = -5, 0 = 3*l + 5*m - 6. Let h(b) = 6*b**l + b**3 + 3*b - 2 - b**3 + b**3 - 1. List the prime factors of h(-5).
7
List the prime factors of 2*185/50 + 3/5.
2
Let s = 43 - 60. Let g = 29 + s. What are the prime factors of g?
2, 3
Let t be 3/(-15) - (-742)/10. Let h = t + -30. Suppose -2*d + h = 2*d. What are the prime factors of d?
11
Let f = -4 + 11. Suppose 2*l + 125 = f*l. What are the prime factors of l?
5
Let f(a) = -22*a**3 - 3*a**2 + 5*a + 2. List the prime factors of f(-2).
2, 3, 13
Suppose -6*t + 5*t = -69. What are the prime factors of t?
3, 23
Let s = 44 - 29. What are the prime factors of s?
3, 5
Let o(s) = -s**2 + 6*s + 3. Let u be o(6). Suppose u*f - 35 = 22. What are the prime factors of f?
19
Suppose 3*l = 3*f + 33, 2*f + 2*l = -l - 12. Let u(k) = k + 4. Let p be u(f). Let x = 14 + p. List the prime factors of x.
3
Let p(u) be the third derivative of 1/6*u**3 - 1/12*u**4 + 0*u + 0 + 2*u**2. What are the prime factors of p(-2)?
5
Let s(p) = -2*p**3 + 14*p**2 - 4*p + 3. List the prime factors of s(6).
3, 17
Let d = 1 - -4. Let b = 0 + d. List the prime factors of b.
5
Let y(l) be the second derivative of l**5/60 + l**4/24 - l**3/6 + l**2/2 - l. Let h(i) be the first derivative of y(i). What are the prime factors of h(-3)?
5
Let i(h) = 3*h**2 + h. Let f be (-2 - 9/(-6))*-6. Suppose 0*c - 1 = -f*c - r, 3*r = -4*c - 2. What are the prime factors of i(c)?
2
Suppose -4*t - 8 = 4. Let m be t/2*(1 - 11). Suppose -6*g = -g - m. List the prime factors of g.
3
Let f(k) = -k**2 + 17*k - 13. Suppose -4*l + 36 = 4*j, 5*l - 95 = -0*j + 5*j. What are the prime factors of f(l)?
29
Let g = -1 + 1. Let h = g + 17. List the prime factors of h.
17
Let t(c) = 0*c**2 - 9*c + 2*c**2 - 3*c**2 + 10. What are the prime factors of t(-7)?
2, 3
Suppose 5*c + 50 = -3*o, -4*c + 3*c - 